t w(r) = 34 + g*r + 2*r - 3*r. What is the tens digit of w(13)?
2
Suppose -16805 = 2066*d - 2071*d. What is the tens digit of d?
6
Let l(u) = u**3 + 11*u**2 - 12*u + 5. Let b be l(-12). Suppose 56 = -b*n + 356. Let a = n + -36. What is the tens digit of a?
2
Let l(x) = 3*x - 3. Let g be l(-6). Suppose 0 = -5*t + 3 - 18, -5*z - 2*t + 129 = 0. Let a = g + z. What is the units digit of a?
6
Suppose -5*j = -133 - 122. Let y be j + (-2)/(-6)*-3. What is the units digit of y/(-5)*14/(-4)?
5
Let b be 9/30*34 + 2/(-10). Suppose b*m + 564 = 14*m. What is the units digit of m?
1
Let y = 3491 + -1635. What is the tens digit of y?
5
Suppose 12*g - 6*g = 84. What is the tens digit of (60/5)/(3/g)?
5
What is the tens digit of ((-504)/(-6))/6*1?
1
Let x(h) = 2*h**3 - 2*h**2 - 4. Let t be x(2). Suppose 0*p = -t*p + 120. Suppose -126 - p = -4*g. What is the tens digit of g?
3
Suppose -4*u + 3*b = -3903, 5*u - 2087 = -b + 2768. What is the hundreds digit of u?
9
Let g(x) = -3 + 12 - 3 - 21*x - 10. What is the units digit of g(-6)?
2
Suppose 0 = -3*m + 5*q + 2309, 5*m + 5*q - 3937 + 142 = 0. What is the units digit of m?
3
Let v = -11 - 8. Let f = v + 21. Suppose 3*j = -f*j + 245. What is the tens digit of j?
4
Let z = 0 + 0. Let u(a) = -15 + 11 + 2 + 3 + 13 - 2*a. What is the units digit of u(z)?
4
Let m(k) = -313*k - 145. What is the units digit of m(-4)?
7
Suppose -6*b + 3*b = l - 107, 2*b = 4*l - 414. What is the hundreds digit of l?
1
Let o(z) = 2*z**3 - 3*z**2 - 15*z + 4. Let y be o(6). Let t = y + -127. What is the units digit of t?
1
Let x(w) = w**3 + 18*w**2 + 37. Let h be x(-15). Suppose 8*l - h = 1200. What is the tens digit of l?
3
Let k(z) = z**3 + z**2 + z + 8. Let d be k(0). Suppose -d*o = -6*o - 20. What is the tens digit of o?
1
Let h(d) = 2*d**2 + 9*d - 2. Let c be h(-5). Suppose 0 = 5*l - 6*l - c. Let b(a) = a**3 + 3*a**2 - 3*a - 1. What is the units digit of b(l)?
8
Let b = -11 + 5. Let h = b + 8. Suppose 2*k + 5*m + 8 = 71, k + h*m = 30. What is the tens digit of k?
2
Suppose -2*h - 3*h = -505. What is the hundreds digit of h?
1
Suppose z = 7*z. Suppose 5*n - 165 = -z*n. Let u = n + -32. What is the units digit of u?
1
Suppose 0 = -4*a + 5 + 15, -a = -2*s - 13. Let z be (-54)/(-12) - 2/s. Suppose -3*h + 0*m = -4*m - 101, z*h - 149 = -3*m. What is the tens digit of h?
3
Let u(p) = -p**3 + 16*p**2 - 10*p + 20. What is the units digit of u(15)?
5
Let r(g) = 4*g**3 + 14*g**2 - 10*g + 29. What is the units digit of r(9)?
9
What is the hundreds digit of (-7)/((-154)/(-4)) - (-21366)/22?
9
Suppose -5*y - 13 = 8*y. Let o(t) = -194*t - 5. What is the hundreds digit of o(y)?
1
What is the tens digit of (76/(-3))/(24/(-504))?
3
Let n be 2*-1 + (-1 - -3). Suppose 12*f + 0 = 72. Suppose f*h - 8*h + 58 = n. What is the tens digit of h?
2
Let p = -15 - -23. Let i = p - 14. What is the units digit of (-28)/i*(7 - 1)?
8
Suppose 19 + 35 = 3*v. Let p be (-4)/v + (-116)/(-36). Suppose -p*x + 2*k + 2*k = -37, 0 = -2*k + 10. What is the units digit of x?
9
Suppose l + l - 15 = 5*f, -5*l + 28 = -3*f. What is the units digit of (-21 - -22)*(247 + f)?
6
Let r(s) = -64*s - 190. What is the tens digit of r(-26)?
7
Suppose -u - f = -14, -5*u + u + 62 = 2*f. Suppose 5*i - 5*y = 260, i + 2*y - 20 = u. What is the units digit of i?
7
Suppose -3*m + 4*t = -16, -5*m - 2*t = -4*m - 22. Let f(n) = -n**2 + 18*n - 11. Let h be f(m). Let g = h + 0. What is the units digit of g?
1
Let j(i) = -i - 1. Let z(l) = 15*l + 4. Let x(y) = -2*j(y) - z(y). Let t be x(-9). Let a = t + -68. What is the tens digit of a?
4
Suppose 0 = -2*x + 2*f + 8396 - 2760, -5*x - 5*f + 14130 = 0. What is the hundreds digit of x?
8
Let n be (-3)/12 + (-4)/((-16)/13). Suppose 8*z - 87 = -n*m + 10*z, m = -4*z + 15. What is the tens digit of m?
2
Let k be (-36)/27 - (-12)/9. Suppose 14*x - 17*x + 702 = k. What is the units digit of x?
4
Let i(c) = -c**3 - 8*c**2 + 56*c + 33. What is the units digit of i(-15)?
8
Let c = 10 - 7. Let l = 179 + -172. Suppose l*m = 6*m + c. What is the units digit of m?
3
Suppose 345*b - 338*b - 4438 = 0. What is the units digit of b?
4
Suppose -2*s = -o - 3, -5*o = s - 11 - 7. What is the hundreds digit of 119 - (6/(0 + s) + 0)?
1
Let l be -3*(4 + -1 - -3). Let u be l/30 - (-486)/10. Suppose -2*k + 4*h = 2*k - u, 4*k = -5*h + 75. What is the units digit of k?
5
Let a = 5 - 3. Suppose 3*i + i = a*z - 4, -z - 2*i + 22 = 0. Let s = 25 - z. What is the units digit of s?
3
Let x(l) be the third derivative of 11*l**4/12 + 2*l**3/3 - 17*l**2. What is the tens digit of x(3)?
7
Suppose 1 - 11 = -5*d. What is the units digit of ((-9)/(-12))/(d/24)?
9
Let j(w) = 5*w - 7*w + 3*w + 1. Let d be j(4). Suppose -x = d*n + x - 103, -5*x = -5*n + 75. What is the tens digit of n?
1
Let h(z) = -1099*z - 70. What is the thousands digit of h(-2)?
2
Let c(u) be the first derivative of -5*u**2/2 + 33*u - 14. What is the tens digit of c(-15)?
0
Let r = -695 + 2411. What is the units digit of r?
6
Suppose -5*x - 5*t + 27 = -13, -4*x = -t - 27. Let w = -11 + x. Let d = w + 12. What is the units digit of d?
8
Suppose g - 343 = 542. What is the tens digit of g?
8
Suppose 187 = -5*z + 22. Let s = -62 + 108. Let i = z + s. What is the units digit of i?
3
Let j be (1/3)/((-1)/(-6)). Let o(p) = 6*p - 5 + 6*p + 13*p**j - 14*p**2. What is the tens digit of o(5)?
3
Suppose -2*z - a - 6 + 22 = 0, 4*z - 2*a - 40 = 0. What is the hundreds digit of ((-15)/z)/5*-789?
2
Suppose 0 = 2*x - 22 - 62. Suppose 83 = q - x. What is the units digit of q?
5
Let m(i) = 2*i**2 - 9*i + 3. Let o be m(6). Let n be (-1450)/35 - (-9)/o. Let g = -16 - n. What is the units digit of g?
5
Let v(j) = j**2 + 4*j + 4. Let h be v(4). Suppose -33*g + h*g - 252 = 0. What is the units digit of g?
4
Suppose 280 = 6*k - 86. Let x = k + -43. What is the tens digit of x?
1
Suppose -4*b - 5*j + 35 = 0, -2*b + 1 = 3*j - 18. Let h = b - 9. What is the tens digit of 11 + 1/(h/(-8))?
1
Suppose 0 = 4*y + k - 20, -3*k + 15 = 3*y + 2*k. Suppose -y = -w + 1. Let p(a) = 2*a + 1. What is the units digit of p(w)?
3
Let d(v) be the first derivative of -v**4/4 + 11*v**3/3 - 6*v**2 - 11*v + 16. What is the units digit of d(9)?
3
Let y(o) = -1387*o**3 + o**2 + 1. What is the units digit of y(-1)?
9
Suppose -l + 2*g = -119 - 77, -5 = -5*g. What is the units digit of l?
8
Let j be (-4)/(-5 + (-135)/(-25)). What is the tens digit of 2/(2 - j) - (-13808)/96?
4
What is the units digit of -6 + 1 - (-733 + 3 - 3)?
8
Let g be (-3)/((-2)/4*2). Let q = g - 5. What is the tens digit of (288/27)/(q/(-3))?
1
Let z(y) = -y**3 - 7*y**2 + 8*y. Let x be z(-8). Let a be 28/(3 + -1 + x). Let n(f) = -f + 24. What is the tens digit of n(a)?
1
Let r(c) = c**2 + 2*c - 24. Let j be r(4). Let x(l) = -7*l + 115. What is the hundreds digit of x(j)?
1
Let u = -39 - -39. Let q(o) = -o**3 - o**2 + 2*o + 49. What is the units digit of q(u)?
9
Let d(i) = 39*i**2 - 55*i + 29. What is the hundreds digit of d(9)?
6
Let l = 3903 - 2562. What is the tens digit of l?
4
What is the hundreds digit of 3170/4 - (0 + (-57)/38)?
7
Let h(z) = 15*z**3 + 6*z**2 + 3*z - 6. What is the hundreds digit of h(3)?
4
Suppose -3*r - 930 = -5*u, 13*r = 3*u + 18*r - 524. What is the tens digit of u?
8
Let i(p) = -19*p + 157. What is the tens digit of i(-5)?
5
Let k = -173 - -323. What is the units digit of k?
0
Suppose -54*t + 516 = -50*t. What is the tens digit of t?
2
Let m(w) = -7*w**3 - 8*w**2 - 19*w - 140. What is the hundreds digit of m(-8)?
0
Suppose -33*l = -52916 - 8431. What is the hundreds digit of l?
8
Suppose 5*a = 3*a + 2*h + 12, 0 = -5*a - 3*h + 30. What is the units digit of (-73)/((-2)/(-4) + a/(-4))?
3
Let l(j) = j**2 + 10*j - 67. What is the units digit of l(-18)?
7
Suppose 30*p = 12*p + 7866. What is the units digit of p?
7
Suppose -3*c - 280 = -5*v, v - 4*c = -17 + 73. What is the units digit of 3/(-21) + 1072/v?
9
Let a(q) = 881*q**2 - 2. What is the tens digit of a(1)?
7
Let t(i) = -i + 13. Let y be t(10). Suppose 2*k - y*k = -37. What is the tens digit of k?
3
Suppose 5*o + h = -0*o + 133, 3*h = 9. Suppose -4*w + 218 = o. What is the units digit of w?
8
Suppose -2*h + 5468 = 4*t, -3*h + 1362 = t - 0*h. Let v be 2/((-3)/t*-4). Suppose -2*k + v - 44 = 4*o, 235 = 5*o + 5*k. What is the units digit of 